, 3*g - 6 = 0. What is o(c)?
-10
Suppose 427*l = 442*l + 120. Let i(w) = 9*w + 7. Calculate i(l).
-65
Let x(g) = 4*g - 8*g - 49 + 9*g - 10*g + 10*g. Calculate x(15).
26
Let g(x) = 5*x - 6891 + 3448 + 3443 - 6*x + 24*x**2. Determine g(-1).
25
Suppose -9*y + 95 = -4*y. Let m = 0 + y. Let t = 24 - m. Let r(b) = -2*b. Determine r(t).
-10
Let l(s) = -s**3 + s**2 + 3*s. Let n be l(2). Let h be -4 + 2 - 8/(-2). Let q(w) = 4*w**2 + 4*w**h + w**2 - 6 - 11*w**n + 7*w. What is q(4)?
-10
Suppose 3*s + 175 = 145. Let f be (-4)/s*(-570)/(-76). Let t(w) = w + 1. Give t(f).
4
Let n(p) = -55 - 1512*p + 752*p + 770*p. What is n(11)?
55
Let w(y) be the first derivative of y**4/4 + 34*y**3/3 + 3*y**2/2 + 96*y + 2417. Calculate w(-34).
-6
Let f(o) = o - 1. Let s(u) = -u**2 + 8*u + 4. Let d(t) = 3*f(t) - s(t). Let h(v) = 5*v - 249. Let y be h(51). What is d(y)?
-1
Let j(o) = -6 - 13*o**3 - 33*o**2 - 42*o**2 - 4*o - 41*o**2 - 29*o**2 + 144*o**2. Determine j(-2).
102
Suppose 2*f + 2*h + 634 = 7*f, 0 = 4*f + 2*h - 518. Suppose g - 131 = -f. Let c(p) = -p**3 + 2*p**2 - 2*p + 2. Determine c(g).
-13
Suppose -5*x = 25, 2*x + 33 = 4*f - 3*x. Let n(o) = -8*o**2 - 1 - 10*o - 10 + 7*o**f. Suppose -5*i + 9 = -6*i - 4*j, 4*i - 4*j = -36. Determine n(i).
-2
Let w(u) be the first derivative of u**6/360 - u**5/40 - u**4/6 - 5*u**3 - 31. Let q(j) be the third derivative of w(j). Give q(3).
-4
Let i(y) be the third derivative of y**4/24 - y**3/3 - y**2. Let z = -3248 + 3250. Calculate i(z).
0
Let k(i) = -261*i**3 + 253*i**2 - 28*i - 10. Let f(h) = -52*h**3 + 46*h**2 - 5*h - 2. Let g(q) = 11*f(q) - 2*k(q). Calculate g(1).
-51
Let f(k) = 3*k**3 + 7*k**2 + k - 1. Let t(o) = -o**3 - o**2 - o + 1. Let x(u) = f(u) + 4*t(u). Let c(a) = 4*a + 79. Let d be c(9). Let i = d - 112. Give x(i).
-6
Let h(o) = o + 2*o**2 + 2 - 4 + 4*o - o**3. Let g be 8 + 2/(-13) + ((-8505)/(-65))/(-27). Calculate h(g).
4
Suppose -379*c = -390*c + 33. Let y(j) = 7*j**2 - 18*j - 5. Calculate y(c).
4
Let l(d) be the second derivative of d**5/20 + 2*d**4/3 - d**3 - 17*d**2 + 4761*d. Give l(-8).
14
Suppose -4*q = x - 150 + 126, -q - 9 = 4*x. Let h(u) = 5*u - 4*u + 0*u. Let s(y) = y**2 - 2*y - 2. Let c(k) = -3*h(k) + s(k). What is c(q)?
12
Let w(c) = c**2 - 10*c + 37. Suppose -38*b + 19 = -36*b - 5*r, r = -2*b + 13. Calculate w(b).
16
Let o(v) = 15*v**3 + 10 - 26*v**3 + 9*v**3 + 6*v**3 - 3 + 13*v**2 + 3*v. Determine o(-3).
7
Suppose -116*b - 117*b = -3262. Let o(w) = -6*w + 13. What is o(b)?
-71
Let g(o) = 4*o. Let n(t) = -7*t + 1. Let i(x) = -5*g(x) - 3*n(x). Suppose 5*a = 44 - 24. Suppose -c - a = 4*f, 2*c = -2*f - 149 + 141. What is i(f)?
-3
Let i(p) = -25753 - 21*p + 51507 - 25748. Determine i(-3).
69
Suppose 0 = 4*v - 10*v + 12. Let q(b) = -3*b + 3*b + 1 + v + b. Give q(-3).
0
Let i(s) = 2*s**3 - 11*s**2 + 46*s - 211. Let v be i(5). Let j(d) be the first derivative of -d**2 - 11*d + 3. Calculate j(v).
1
Let j(y) = -y**2 + 5*y + 2. Let i(t) = t. Let s(r) = -5*i(r) + j(r). Suppose 9*l - l - 16 = 0. Suppose -3*n - 8 = -7*n - 2*a, a - l = -n. Give s(n).
-2
Let d be ((-15)/(-4))/((-30)/(-72)). Let q(i) = 2*i + 17. Calculate q(d).
35
Let s(p) = p**2 - 18*p + 9. Suppose 81*y - 7 = -4*n + 86*y, -3*y = n - 23. Calculate s(n).
-71
Let r = -654 - -664. Let b(a) = r + 4*a + a - 13. Give b(5).
22
Let f(c) be the first derivative of 4/3*c**3 - c**2 - 3*c - 145 + 1/4*c**4. Give f(-2).
9
Let z(s) = s + 4. Suppose -12*j + 253 = -59. Suppose p - 8 = 2*f, 6*p - 2*f - j = 2*p. Calculate z(p).
10
Let k = -257 + 374. Let f(s) = k*s**2 + 9*s + 8 - 56*s**2 - 60*s**2. Calculate f(-7).
-6
Suppose -2*c - 2*c = -8. Let j(s) be the first derivative of s**3/3 - 5*s**2/2 + 3*s - 8485. Give j(c).
-3
Suppose -2*m = 3*c - 16, -29*c + 30*c - 6 = -m. Let r(t) = t**2 + 4*t + 3. Give r(c).
35
Let z(v) = 2*v**2 - v + 1. Let i be 16/(-2) + 5 + 7 + 0. Suppose i = -11*q + 48. Let s be (-6)/(-24) + 3/q. Calculate z(s).
2
Let n(x) = 34980 + 34989 - 69952 - 10*x + x**2. What is n(3)?
-4
Let z(b) be the second derivative of -10*b - 3/2*b**2 + 1 - 1/6*b**3. What is z(3)?
-6
Let m(l) = 65*l - 88. Let k be m(2). Let i(f) = 35 - k + 3*f + f**2 + f**2. Calculate i(5).
58
Let q(j) = 7*j**2 - 13*j - 1. Let f(v) = 1 + 2*v**2 - 16*v**2 + 7*v**2 + 19*v - 3*v**2. Let b(c) = -5*f(c) - 7*q(c). Calculate b(3).
-1
Let b(y) = y**2 + 4*y - 191. Let k be -19 + 11 + 3 + 88/(-8). What is b(k)?
1
Let s(v) = -5*v**2 + 10*v + 5. Let g(r) = 5*r**2 - 7*r - 4. Let j(x) = 4*g(x) + 3*s(x). Suppose 3*d + 17 = -4*n, -d - 32 = 5*n - 8. Give j(d).
6
Let c(m) = 18 + 8 - 47 + 11 + 9. Let g(q) = -q**3 - 3*q**2 - 2*q + 3. Let z(b) = 4*c(b) + g(b). Give z(-2).
-1
Let b(x) = -x**2 - 491 - 7*x - 2*x + 498. Let z = 2401 - 2410. Determine b(z).
7
Let k(i) be the second derivative of -i**4/12 + i**3/6 + 2*i. Let y(m) = -5*m**2 + 10*m + 2. Suppose 4*n - 31 = -35. Let t(q) = n*y(q) + 4*k(q). Determine t(7).
5
Let i = -110 + 140. Let a = -24 + i. Let q(f) = -3*f - 2. Calculate q(a).
-20
Let f = -14 - -9. Suppose -8 + 0 = 4*a. Let b(r) = -5*r + 1. Let p(h) = -2*h. Let x(k) = a*b(k) + 4*p(k). Calculate x(f).
-12
Suppose 3*f + 8 = -5*u - 3, -5*f - 14 = 4*u. Let n(i) = 89410*i**3 - 3*i - 89409*i**3 + 2*i. Give n(u).
0
Suppose -9*n - 59 = -77. Let v(x) = -135*x + 50*x + 80*x - n + x**2. Determine v(4).
-6
Suppose 5*w - 75 = -6*f, 30 = 2*w - 6*f + 4*f. Let j(r) = 4*r - 54. Determine j(w).
6
Suppose -63 - 190 - 71 = 81*y. Let b(a) = -10*a - 36. Determine b(y).
4
Suppose 13 = 2*a - 15. Suppose -7*z = -a - 0. Let b(f) = -5*f - 7*f + 9*f - f + 3. Determine b(z).
-5
Suppose 66*j + 294 = 164*j. Let i(l) = 38 - 42 + 2*l - 4*l. What is i(j)?
-10
Let t(x) = 12*x + 17. Suppose -5*k = -5*o - 80, 4*o + 22 = -10859*k + 10857*k. Give t(k).
101
Let y(h) = 6*h + 4 - 3*h - 1. Let t be y(-2). Let q(c) = 314*c**3 + c**2 + 5*c + 6. Let s(i) = 251*i**3 + 3*i + 4. Let a(l) = 4*q(l) - 5*s(l). Give a(t).
-2
Suppose -150*k + 54 = -69*k - 63*k. Let b(q) be the third derivative of -q**k + 0*q + 13*q**2 + 0 - 1/60*q**5 + 1/4*q**4. What is b(6)?
-6
Suppose -23065*y + 23072*y - 7 = 0. Let r(w) = -12*w + 8. Determine r(y).
-4
Let q(r) be the first derivative of 11/2*r**2 + 54 - 10*r + 1/4*r**4 + 10/3*r**3. Calculate q(-9).
-28
Let m be (14 - -4)*3/6. Let k be 0 - (3 - (m + -1)). Let s(a) = 7*a - 4. Let p(o) = 6*o - 3. Let b(d) = 5*p(d) - 4*s(d). What is b(k)?
11
Let w be -1 + (0 - (-5 - -2)). Let u(s) be the first derivative of -s**3 + 3*s**2/2 - s + 9344. What is u(w)?
-7
Let m(z) = -z**3 + 6*z**2 + 26*z + 19. Suppose -19 = -q - 2*w, 2*w + 35 = 4*q + 9. Calculate m(q).
10
Let b = 179 - 50. Suppose -8*t = b - 169. Let q(l) = l**3 - 6*l**2 + 7*l + 2. Give q(t).
12
Let f(h) = h**2. Let g(r) = -3*r - 20. Let z be g(-6). Let j be (2 - -1 - 2) + z + 5. Suppose 3*o - 3*a + 6*a = 6, -28 = j*o - 5*a. What is f(o)?
4
Let i(q) = -3*q**2 + 2. Let k(b) = -13*b**2 + 9. Let s(v) = -18*i(v) + 4*k(v). Let c = 224 + -220. Suppose -8*m = -4*m - c. Determine s(m).
2
Let d be ((-190)/35 - 3/(-7))*(-3)/5. Let h(b) = 5*b**2 - 3*b - 4. What is h(d)?
32
Let c(f) = -3. Suppose -3*b = p - 6 - 17, -15 = -b - 4*p. Let h(k) = -k + 10. Let w(v) = b*c(v) + 2*h(v). Let m = -5 - -2. What is w(m)?
5
Let p(q) = -34*q - 1953. Let t be p(-57). Let i(r) = 13 + 5 + 2 - 5 + r. Determine i(t).
0
Let l(h) = -35*h**3 + 8*h**2 - 7*h - 2. Let w(t) = -10*t**3 - 2*t**2 + t + 1. Let j(q) = -l(q) - 4*w(q). What is j(1)?
76
Let a(t) = -5*t**2 + 5*t + 8. Suppose 5*j + 2*v = 44, -23 = 2*j + 74*v - 79*v. Calculate a(j).
-142
Let n(x) = 0*x**2 - 37*x + 6*x**2 - 4*x**2 + 22*x - x**3 + 10 + 16*x. Give n(3).
4
Let o(c) = -31. Let z(r) = 4*r - 33. Let w(y) = -5*o(y) + 4*z(y). Give w(4).
87
Let k(f) = -5*f**2 + 15*f. Let w be (-4 - -10)*((-3)/6 - -1). Calculate k(w).
0
Let y(c) = 2*c**2 + c - 1. Suppose 15*u - 14 = 31. Let w(z) = -5*z**2 + z + 5. Let a(o) = u*y(o) + w(o). Calculate a(-6).
14
Let d be 17/((-204)/16) + (-25)/(-15)*-7. Let c(v) = 3*v + 44. What is c(d)?
5
Let b be 21/7 - (0 + 1). Suppose b*w + 32 = -52. Let z = w + 40. Let a(d) = d**2 + 4*d + 3. Calculate a(z).
-1
Let h(z) = -6*z + 994 - 1978 + 987 + 11*z**2 - z**3 - 5*z. Give h(10).
-7
Let p(u) = -u + 1. Let q be p(-1). Let g(f) = 6*f**2 - 2*f**2 - q*f**2. Suppose 3 = 11*h - 8. What is g(h)?
2
Let r(z) = -3*z + 3 + 3407*z**3 - 6